 - -3
6
Evaluate -7 + (0 - (3 - 12)).
2
What is (2 - -1) + 3 + -14 + 3?
-5
3 + (-1 - -1) + -4
-1
What is the value of -4 + -13 - (-6 - (-2 - -3))?
-10
-5 + -5 + -1 + 6
-5
-4 + -14 + 8 + 4
-6
8 + -2 - -3 - 4
5
-2 - (3 + -4 - -3)
-4
What is (-17 - -8) + 4 - 3?
-8
What is 4 + 1 + (-1 - 6)?
-2
Calculate (-3 - -1) + 4 - (3 + -5).
4
Calculate (1 - -2) + (-69 - -66).
0
Evaluate 14 + (-4 - 3) + -12.
-5
What is (4 - -3) + -15 - -2?
-6
What is the value of 4 + 3 - 2 - 0 - 0?
5
What is 1 - 7 - (-49 + 50)?
-7
Calculate -2 - 1 - (5 - 8 - -2).
-2
10 - ((22 - -1) + -14)
1
Evaluate (0 - -12) + -2 + -5 + -1.
4
1 - 2 - 0 - (5 + -16)
10
Evaluate 2 - ((0 - 1) + 1 + 6).
-4
-9 + 6 - (-2 + 0)
-1
Evaluate 12 + -15 - (1 + -8).
4
Evaluate -7 - ((-8 - -8) + 3 + -1).
-9
Calculate -1 + (-7 - (-5 + -8)).
5
What is the value of (-8 - -15) + -9 - 1?
-3
What is the value of (69 - 80) + (1 - -9)?
-1
Evaluate -10 + 4 - -2 - -3.
-1
What is -19 + 29 + -17 + -1?
-8
What is -8 + 27 + -15 - (0 + 5)?
-1
What is the value of (2 + -2 - 0 - -2) + 2?
4
Evaluate -3 + (3 - (3 - -3 - 12)).
6
What is the value of 0 + -2 - (13 + -10)?
-5
Calculate 6 + 9 + -14 + (-2 - -2).
1
Evaluate 2 - (1 + -4 - (-8 + 3)).
0
What is -16 - (-6 + 9 + -10)?
-9
Evaluate 0 + -1 + (5 - 8) + 0.
-4
Calculate -2 + -5 + 3 + -4 - -3.
-5
What is 3 + 4 - -3 - (-1 + 6)?
5
What is (-9 - -3) + (-11 - -12)?
-5
What is 7 + -18 - -9 - (-6 + 1)?
3
Calculate -2 + 7 - (10 + 0 + -11).
6
Calculate (-1 - 4) + (-112 - -110).
-7
What is 5 + (4 - -1) + -3?
7
What is 0 + (7 - 0) + -10?
-3
What is -2 + -2 - (4 + -5)?
-3
-5 + (-6 - (4 + 3 + -24))
6
5 + 1 + (18 - 28) + 4
0
Calculate -15 - (-9 + 3 + -4).
-5
What is the value of 13 + -14 + -2 + 0 - -1?
-2
Calculate 2 + 5 + -3 + -1 + -2.
1
Calculate 5 + 2 + -13 + (5 - 1).
-2
Calculate -7 + 3 + (-3 - -8).
1
1 - (-3 + 10 + -7)
1
What is the value of 3 + (-4 - 2 - -6) + 0?
3
What is -3 + 9 + (9 + -5 - 10)?
0
Calculate -9 + 2 + 3 + -5 + 6.
-3
-2 + 3 + -7 + 9
3
What is the value of 4 + (-3 + 4 - 7) - 0?
-2
(-4 - -2) + 4 - (9 - 9)
2
Calculate -2 - -7 - 10 - -8.
3
7 - 8 - -5 - -3
7
Evaluate -4 + 2 + 4 + -2 + -1.
-1
Evaluate (-9 - -3) + 6 - (-2 + 5).
-3
-6 - (4 - 4) - -4
-2
Calculate -5 + 3 + -1 + (1 - -1).
-1
What is 5 + -6 - (10 + -7)?
-4
Evaluate (6 + -10 - (1 - 6)) + -5.
-4
Evaluate 5 + (-20 - -10) + (-3 - -13).
5
Calculate -7 + 14 - (1 + -4 - -5).
5
Calculate -1 + 7 + -6 + -1.
-1
Calculate 13 + -20 + (9 - -2).
4
-7 - (-6 - (1 - 5) - 3)
-2
39 - 31 - (2 - -1)
5
What is (-16 - -18) + 4 + -3 + 1?
4
Evaluate -5 + 4 - (-5 - -2).
2
4 + (8 + -2 - 6)
4
What is the value of (29 - 17 - 5) + (-1 - 7)?
-1
Calculate 6 + -4 + (-1 - 0).
1
(0 - 2) + 5 + 2 + -1
4
0 + 15 + -19 + 1 + 0
-3
What is -2 + 4 + -3 - -3?
2
What is the value of -2 - (-3 + 5 + (1 - 4))?
-1
What is the value of -2 - (6 + -4 + 0) - -1?
-3
What is the value of (1 - 3) + 4 - 4?
-2
3 + -2 + 1 + 2
4
2 - ((4 - 3) + -1)
2
Calculate 0 + 0 + 0 - (-18 - -23).
-5
Evaluate -64 - -57 - (-1 + 0 + -1).
-5
Calculate -3 + (-5 - 1) - -6 - -2.
-1
Calculate 0 + -3 + 2 + (1 - -2).
2
Evaluate (-6 - 3) + -13 - -12.
-10
Evaluate (4 + 1 - 8) + 5 - 1.
1
10 + (-3 - (8 + -2 + -3))
4
What is the value of 16 - (-1 + 10 - -1)?
6
-2 + (3 - 0 - 6)
-5
Calculate -12 - -17 - 11 - -16.
10
Evaluate 0 - 0 - (5 - 7).
2
What is (1 - -10 - 11) + (4 - 2)?
2
Evaluate 7 - (-3 + 4 - -1).
5
2 - -1 - (-5 - (2 + -10))
0
What is 6 + -6 + -3 + -6 + 2?
-7
Calculate -126 + 132 + (1 - 4).
3
Calculate 4 - (13 + -4 + -8 + -4).
7
What is (-3 + 0 - -8) + (-7 - -6)?
4
Evaluate -11 + (14 + 1 - -1).
5
What is the value of -9 + (-5 - -14) + -1?
-1
What is the value of 7 - (-2 - 3 - -1 - -7)?
4
What is 5 + (-1 - 0) - (-42 + 43)?
3
Calculate 6 + (-7 - -5) + -4 + 4.
4
What is 3 - (-4 + (8 - 0))?
-1
Calculate -4 + (4 - 4) - (1 - 7).
2
Evaluate -2 - -1 - (3 + -1).
-3
Evaluate -4 - (7 - 10) - (2 + -1).
-2
Evaluate (9 + -14 - -9) + 1.
5
What is the value of 4 + -13 + (11 - 4)?
-2
44 - 41 - (6 + -1)
-2
Calculate (-3 - 7) + (8 - 0).
-2
13 + -12 - (-1 + 3)
-1
What is 0 + -3 + -11 + 0 + 7?
-7
Calculate (4 + -11 - -1) + 8.
2
What is 4 + -2 + -3 + (1 - -2)?
2
What is (7 - (1 - -2)) + 0 - 5?
-1
5 + -1 + (-8 - -2)
-2
0 + (25 + -32 - (-3 - 0))
-4
What is -1 - (10 + -20 + 14)?
-5
What is 28 - 22 - (0 - 1 - -2)?
5
-15 + (1 - 0) + -10 + 17
-7
What is the value of 4 + -13 + 3 + -1 + 3?
-4
What is the value of 3 - ((-6 - -9) + -5)?
5
What is the value of 0 + -1 - (-11 - -6 - -6)?
-2
Calculate 1 - ((13 - 10) + -1 + -2).
1
(4 - -1) + 0 + -3 - 3
-1
5 - (6 + -2 - (-6 + 3))
-2
What is the value of 12 + (14 - 3 - 24)?
-1
What is -12 + 9 + (5 - 1 - 1)?
0
What is 0 + 4 - (7 + (-9 - -2))?
4
Evaluate -1 - (9 + -6 + 2).
-6
What is the value of -21 - -23 - (6 - -2) - -5?
-1
What is the value of -3 + (7 - 5) - -4 - -3?
6
-14 + (15 - 7) - 2
-8
What is (1 - (3 + 0)) + (-231 - -229)?
-4
What is 8 - 2 - ((0 - -1) + 3)?
2
Calculate 4 + -6 - (-4 + 2 + 1).
-1
What is -1 - (-1 + 1) - (30 - 29)?
-2
What is 8 - (7 + (-4 - 0))?
5
(10 - 14) + (2 - (0 + -3))
1
What is the value of (-9 - -7) + (5 - 1)?
2
Evaluate -14 - -15 - (-2 - 1).
4
Calculate -14 + 11 + (-7 - -15).
5
Calculate (2 + -1 - (-18 - -21)) + 6.
4
-5 - (-4 - (-1 + 1))
-1
Calculate 5 - (5 - -1 - (5 + -1)).
3
Calculate (-3 - 0) + (6 - (4 + -1)).
0
What is -9 - (-2 - 6) - -3?
2
Evaluate 2 + 1 + (18 - 17).
4
What is the value of -4 + (12 - 4 - -1 - 4)?
1
-3 - (-8 + 7 + -8)
6
0 + (1 - -3) + (-30 - -31)
5
(8 - 3) + -2 + 0 - 7
-4
Calculate (-2 - (0 + -2 - 4)) + 1.
5
What is the value of (-9 - (-17 + 7)) + 5 + 0?
6
What is the value of (-9 - -5) + (-1 - -3)?
-2
-8 - (-15 - (-8 + 1))
0
Evaluate (5 - 6) + -5 - -6.
0
1 - (-2 + (-1 - -3)) - -2
3
6 + (0 - -2 - 2)
6
What is -1 - (0 - -7) - (-6 - -2)?
-4
Calculate 1 + (3 + 1 + -3 - -1).
3
(-1 - (-7 - -7)) + 0
-1
0 - (0 - 0) - -3
3
What is the value of 1 + 4 + -4 + 3 + -6?
-2
Calculate (-10 - -7 - (-2 + -1)) + 0.
0
What is (-3 - -1) + 7 + -5 - -2?
2
What is 8 + (7 + -9 - (-1 - -6))?
1
Calculate 3 - ((0 - 4) + 4).
3
What is the value of (9 - (0 - -1)) + -9 - -7?
6
What is the value of (0 - -1 - 3) + (-2 - -4)?
0
What is the value of (0 + -3 - -6) + (3 - -1)?
7
What is the value of -3 - (2 - (8 - 2))?
1
Evaluate -2 + (-4 + 1 - (-5 - -5)).
-5
Evaluate (-5 + 15 - 6) + -4.
0
What is the value of -4 - (3 + (-2 - 3))?
-2
What is -5 + -1 + -6 + (-1 - -8)?
-5
7 - 3 - ((-7 - -22) + -6)
-5
Evaluate (-13 - (-14 + -10)) + -3 + -2.
6
What is the value of -2 - (9 - (12 + -5))?
-4
Calculate 1 + -1 + 1 + (-40 - -40).
1
(147 - 142) + (-7 - (1 + 0))
-3
Calculate 6 + -1 + (-1 - 1).
3
Calculate (0 - 0) + -2 + (50 - 52).
-4
Calculate (-5 - (3 + -4)) + 7 - -2.
5
What is the value of 21 - 17 - (4 + (0 - 0))?
0
Calculate 3 + -5 + -2 + 4.
0
Calculate -5 + -1 + (62 - 64).
-8
Calculate -6 - (-23 - -8 - -10).
-1
Evaluate -4 + (2 - (-10 + 7)).
1
What is the value of -3 - -2 - (0 + -2)?
1
What is the value of -50 - -42 - (-2 - -2)?
-8
Calculate 3 + (-7 + 12 - 4) - 4.
0
Evaluate 7 + (-10 + 22 - 19).
0
Calculate 14 + -21 - (-2 - 6).
1
Calculate -2 + (-1 + 8 - 2).
3
0 + (-1 - -5) + 12 + -21
-5
What is 8 + -11 + (-2 - -6)?
1
What is -1 - (5 + (3 - (8 + -4)))?
-5
Evaluate 2 - (-4 + 0 + 6).
0
What is (7 - 1) + 1 + -12?
-5
1 - -2 - (-4 + (-2 - -9))
0
(2 - 5) + -2 + 5
0
Calculate -3 + 6 - (-1 + (5 - -1)).
-2
Evaluate 4 + (3 - 1) + (12 - 15).
3
What is (-2 + 9 - 1) + (-35 - -31)?
2
Evaluate -4 + -10 + 7 + 0.
-7
-11 + 12 - (-1 - 2)
4
(1 + 1 - (-1 + 4)) + 1
0
13 + 11 + -17 + (-5 - -1)
3
Calculate 0 + 0 + -4 + 1.
-3
-1 - (-2 - -6) - (-10 + 7)
-2
What is 3 + (-7 - -4) - -1?
1
Calculate 2 + 5 - 10 - -6.
3
4 + -4 - (0 - 3)
3
1 + 4 + 2 + (2 - 4)
5
What is -9 + 14 - ((6 - -2) + -2)?
-1
What is the value of 3 - (0 - (-2 - 2) - 3)?
2
(-1 - 1) + (-2 - -3)
-1
(9 - 8) + (-3 - 0) - 3
-5
Calculate -2 + -2 - -5 - 1.
0
What is -2 + 2 + 1 - 2 - 1?
-2
What is the value of 4 - (4 - 2 - -1)?
1
What is the value of 11 + -22 + 7 + -1?
-5
What is the value of (-1 - 4) + 0 + 13 + -11?
-3
Evaluate 1 - (4 + 1 + -11).
7
What is 3 - 0 - 2 - (27 - 28)?
2
Calculate 2 + (0 + -1 - 1).
0
What is 84 - 75 - (0 + 11)?
-2
Calculate (14 + -2 - 5) + -4 - -1.
4
0 - 4 - (3 + -2)
-5
What is -7 + 3 + (-3 - (2 + -6))?
-3
What is (5 + -2 - 0) + -4 + 2?
1
Calculate (-1 - -2) + 3 - 3.
1
Evaluate -34 + 37 + -4 + -2 + 0.
-3
Evaluate 10